{"id":22,"date":"2024-08-30T21:46:08","date_gmt":"2024-08-30T21:46:08","guid":{"rendered":"https:\/\/www.ambulancetaxi-saam50.fr\/?page_id=22"},"modified":"2024-11-08T14:13:07","modified_gmt":"2024-11-08T14:13:07","slug":"a-propos","status":"publish","type":"page","link":"https:\/\/www.ambulancetaxi-saam50.fr\/?page_id=22","title":{"rendered":"\u00c0 propos"},"content":{"rendered":"<h2>SAAM-50  <br \/>S\u00e9curis\u00e9, rapide et fiable, le transport m\u00e9dical.<\/h2>\n<p>La Soci\u00e9t\u00e9 SAAM-50 est sp\u00e9cialis\u00e9e dans le transport sanitaire et les services d&#8217;ambulances.<\/p>\n<p>Fond\u00e9e en 2015 par Willy St F., Charline St F. et Maxime C., elle s&#8217;engage \u00e0 offrir des services de qualit\u00e9<br \/>pour le transport de patients en toute s\u00e9curit\u00e9 et dans les respect des normes de sant\u00e9 et de confort.<\/p>\n<p>SAAM-50 travaille en partenariat avec des h\u00f4pitaux, des cliniques et des \u00e9tablissements de soins pour<br \/>r\u00e9pondre aux besoins des patients en situation d&#8217;urgence ou n\u00e9cessitant un transport m\u00e9dicalis\u00e9.<\/p>\n<p>\t\t\t<a href=\"tel:+33%202%2033%2060%2098%2023\"><br \/>\n\t\t\t\t<svg aria-hidden=\"true\" viewBox=\"0 0 512 512\" xmlns=\"http:\/\/www.w3.org\/2000\/svg\"><path d=\"M497.39 361.8l-112-48a24 24 0 0 0-28 6.9l-49.6 60.6A370.66 370.66 0 0 1 130.6 204.11l60.6-49.6a23.94 23.94 0 0 0 6.9-28l-48-112A24.16 24.16 0 0 0 122.6.61l-104 24A24 24 0 0 0 0 48c0 256.5 207.9 464 464 464a24 24 0 0 0 23.4-18.6l24-104a24.29 24.29 0 0 0-14.01-27.6z\"><\/path><\/svg><br \/>\n\t\t\t\t\t\t\t\t\t+33 2 33 60 98 23<br \/>\n\t\t\t\t\t<\/a><br \/>\n\t\t\t<a href=\"https:\/\/www.ambulancetaxi-saam50.fr\/contact\/\"><br \/>\n\t\t\t\t<svg aria-hidden=\"true\" viewBox=\"0 0 448 512\" xmlns=\"http:\/\/www.w3.org\/2000\/svg\"><path d=\"M313.941 216H12c-6.627 0-12 5.373-12 12v56c0 6.627 5.373 12 12 12h301.941v46.059c0 21.382 25.851 32.09 40.971 16.971l86.059-86.059c9.373-9.373 9.373-24.569 0-33.941l-86.059-86.059c-15.119-15.119-40.971-4.411-40.971 16.971V216z\"><\/path><\/svg><br \/>\n\t\t\t\t\t\t\t\t\tContactez-nous<br \/>\n\t\t\t\t\t<\/a><br \/>\n\t\t\t\t\t\t\t\t\t\t\t\t\t<img loading=\"lazy\" decoding=\"async\" width=\"1056\" height=\"790\" src=\"https:\/\/www.ambulancetaxi-saam50.fr\/wp-content\/uploads\/2024\/08\/ambulance-team-image-1-1.jpg\" alt=\"\" srcset=\"https:\/\/www.ambulancetaxi-saam50.fr\/wp-content\/uploads\/2024\/08\/ambulance-team-image-1-1.jpg 1056w, https:\/\/www.ambulancetaxi-saam50.fr\/wp-content\/uploads\/2024\/08\/ambulance-team-image-1-1-300x224.jpg 300w, https:\/\/www.ambulancetaxi-saam50.fr\/wp-content\/uploads\/2024\/08\/ambulance-team-image-1-1-1024x766.jpg 1024w, https:\/\/www.ambulancetaxi-saam50.fr\/wp-content\/uploads\/2024\/08\/ambulance-team-image-1-1-768x575.jpg 768w\" sizes=\"auto, (max-width: 1056px) 100vw, 1056px\" \/><br \/>\n\t\t\t<svg aria-hidden=\"true\" viewBox=\"0 0 640 512\" xmlns=\"http:\/\/www.w3.org\/2000\/svg\"><path d=\"M96 224c35.3 0 64-28.7 64-64s-28.7-64-64-64-64 28.7-64 64 28.7 64 64 64zm448 0c35.3 0 64-28.7 64-64s-28.7-64-64-64-64 28.7-64 64 28.7 64 64 64zm32 32h-64c-17.6 0-33.5 7.1-45.1 18.6 40.3 22.1 68.9 62 75.1 109.4h66c17.7 0 32-14.3 32-32v-32c0-35.3-28.7-64-64-64zm-256 0c61.9 0 112-50.1 112-112S381.9 32 320 32 208 82.1 208 144s50.1 112 112 112zm76.8 32h-8.3c-20.8 10-43.9 16-68.5 16s-47.6-6-68.5-16h-8.3C179.6 288 128 339.6 128 403.2V432c0 26.5 21.5 48 48 48h288c26.5 0 48-21.5 48-48v-28.8c0-63.6-51.6-115.2-115.2-115.2zm-223.7-13.4C161.5 263.1 145.6 256 128 256H64c-35.3 0-64 28.7-64 64v32c0 17.7 14.3 32 32 32h65.9c6.3-47.4 34.9-87.3 75.2-109.4z\"><\/path><\/svg>\t\t\t<\/p>\n<h2>Mission<\/h2>\n<p>SAAM-50 s&#8217;efforce d&#8217;\u00eatre un acteur de confiance pour le transport sanitaire, mettant toujours le patient au c\u0153ur de ses priorit\u00e9s.<\/p>\n<p>Nous proposons plusieurs types de services adapt\u00e9s aux diff\u00e9rents besoins de nos patients.<\/p>\n<p>\t\t\t<a href=\"https:\/\/www.ambulancetaxi-saam50.fr\/contact\/\"><br \/>\n\t\t\t\t<svg aria-hidden=\"true\" viewBox=\"0 0 448 512\" xmlns=\"http:\/\/www.w3.org\/2000\/svg\"><path d=\"M313.941 216H12c-6.627 0-12 5.373-12 12v56c0 6.627 5.373 12 12 12h301.941v46.059c0 21.382 25.851 32.09 40.971 16.971l86.059-86.059c9.373-9.373 9.373-24.569 0-33.941l-86.059-86.059c-15.119-15.119-40.971-4.411-40.971 16.971V216z\"><\/path><\/svg><br \/>\n\t\t\t\t\t\t\t\t\tContactez-nous<br \/>\n\t\t\t\t\t<\/a><br \/>\n\t\t\t<svg aria-hidden=\"true\" viewBox=\"0 0 512 512\" xmlns=\"http:\/\/www.w3.org\/2000\/svg\"><path d=\"M173.898 439.404l-166.4-166.4c-9.997-9.997-9.997-26.206 0-36.204l36.203-36.204c9.997-9.998 26.207-9.998 36.204 0L192 312.69 432.095 72.596c9.997-9.997 26.207-9.997 36.204 0l36.203 36.204c9.997 9.997 9.997 26.206 0 36.204l-294.4 294.401c-9.998 9.997-26.207 9.997-36.204-.001z\"><\/path><\/svg>\t\t\t<\/p>\n<h2>Vision<\/h2>\n<p>Nous aspirons \u00e0 \u00eatre le leader dans le domaine du transport sanitaire en offrant des solutions fiables.\u00a0<\/p>\n<p>Nous visons \u00e0 am\u00e9liorer continuellement nos services pour r\u00e9pondre aux besoins \u00e9volutifs de nos patients et partenaires.<\/p>\n<p>\t\t\t<a href=\"https:\/\/www.ambulancetaxi-saam50.fr\/contact\/\"><br \/>\n\t\t\t\t<svg aria-hidden=\"true\" viewBox=\"0 0 448 512\" xmlns=\"http:\/\/www.w3.org\/2000\/svg\"><path d=\"M313.941 216H12c-6.627 0-12 5.373-12 12v56c0 6.627 5.373 12 12 12h301.941v46.059c0 21.382 25.851 32.09 40.971 16.971l86.059-86.059c9.373-9.373 9.373-24.569 0-33.941l-86.059-86.059c-15.119-15.119-40.971-4.411-40.971 16.971V216z\"><\/path><\/svg><br \/>\n\t\t\t\t\t\t\t\t\tContactez-nous<br \/>\n\t\t\t\t\t<\/a><\/p>\n<h2>D\u00e9couvrez SAAM-50<\/h2>\n<p>Au SAAM-50 (Service Assistance Ambulancier de la Manche), nous nous engageons \u00e0 fournir des services de transport sanitaire de la plus haute qualit\u00e9. Depuis notre fondation en 2015 par Willy St-F, Charline St-F et Maxime C, nous nous d\u00e9vouons \u00e0 assurer le bien-\u00eatre et la s\u00e9curit\u00e9 de nos patients gr\u00e2ce \u00e0 une \u00e9quipe exp\u00e9riment\u00e9e et des v\u00e9hicules modernes. Notre passion pour l\u2019excellence nous permet de r\u00e9pondre efficacement \u00e0 vos besoins de transport m\u00e9dical, qu\u2019ils soient urgents ou planifi\u00e9s.<\/p>\n<ul>\n<li>\n\t\t\t\t\t\t\t<svg aria-hidden=\"true\" viewBox=\"0 0 512 512\" xmlns=\"http:\/\/www.w3.org\/2000\/svg\"><path d=\"M173.898 439.404l-166.4-166.4c-9.997-9.997-9.997-26.206 0-36.204l36.203-36.204c9.997-9.998 26.207-9.998 36.204 0L192 312.69 432.095 72.596c9.997-9.997 26.207-9.997 36.204 0l36.203 36.204c9.997 9.997 9.997 26.206 0 36.204l-294.4 294.401c-9.998 9.997-26.207 9.997-36.204-.001z\"><\/path><\/svg><br \/>\n\t\t\t\t\t\t\t\t\t\tNos ambulanciers dipl\u00f4m\u00e9s d\u2019\u00e9tat et auxiliaires sont qualifi\u00e9s, garantissant des soins de qualit\u00e9 et une prise en charge optimale.\n\t\t\t\t\t\t\t\t\t<\/li>\n<li>\n\t\t\t\t\t\t\t<svg aria-hidden=\"true\" viewBox=\"0 0 512 512\" xmlns=\"http:\/\/www.w3.org\/2000\/svg\"><path d=\"M173.898 439.404l-166.4-166.4c-9.997-9.997-9.997-26.206 0-36.204l36.203-36.204c9.997-9.998 26.207-9.998 36.204 0L192 312.69 432.095 72.596c9.997-9.997 26.207-9.997 36.204 0l36.203 36.204c9.997 9.997 9.997 26.206 0 36.204l-294.4 294.401c-9.998 9.997-26.207 9.997-36.204-.001z\"><\/path><\/svg><br \/>\n\t\t\t\t\t\t\t\t\t\tNous utilisons des v\u00e9hicules, \u00e9quip\u00e9s pour garantir un transport s\u00e9curis\u00e9 et confortable.\n\t\t\t\t\t\t\t\t\t<\/li>\n<li>\n\t\t\t\t\t\t\t<svg aria-hidden=\"true\" viewBox=\"0 0 512 512\" xmlns=\"http:\/\/www.w3.org\/2000\/svg\"><path d=\"M173.898 439.404l-166.4-166.4c-9.997-9.997-9.997-26.206 0-36.204l36.203-36.204c9.997-9.998 26.207-9.998 36.204 0L192 312.69 432.095 72.596c9.997-9.997 26.207-9.997 36.204 0l36.203 36.204c9.997 9.997 9.997 26.206 0 36.204l-294.4 294.401c-9.998 9.997-26.207 9.997-36.204-.001z\"><\/path><\/svg><br \/>\n\t\t\t\t\t\t\t\t\t\tNos \u00e9quipes sont disponible pour r\u00e9pondre \u00e0 vos besoins urgents et r\u00e9guliers, assurant une intervention rapide \u00e0 tout moment.\n\t\t\t\t\t\t\t\t\t<\/li>\n<\/ul>\n<p>\t\t\t\t\t\t\t\t\t\t\t\t\t<img loading=\"lazy\" decoding=\"async\" width=\"1024\" height=\"595\" src=\"https:\/\/www.ambulancetaxi-saam50.fr\/wp-content\/uploads\/2024\/10\/samu-1024x595.jpg\" alt=\"\" srcset=\"https:\/\/www.ambulancetaxi-saam50.fr\/wp-content\/uploads\/2024\/10\/samu-1024x595.jpg 1024w, https:\/\/www.ambulancetaxi-saam50.fr\/wp-content\/uploads\/2024\/10\/samu-300x174.jpg 300w, https:\/\/www.ambulancetaxi-saam50.fr\/wp-content\/uploads\/2024\/10\/samu-768x446.jpg 768w, https:\/\/www.ambulancetaxi-saam50.fr\/wp-content\/uploads\/2024\/10\/samu-1536x892.jpg 1536w, https:\/\/www.ambulancetaxi-saam50.fr\/wp-content\/uploads\/2024\/10\/samu.jpg 1919w\" sizes=\"auto, (max-width: 1024px) 100vw, 1024px\" \/><br \/>\n\t\t\t\t\t\t\t\t\t\t\t\t\t<img loading=\"lazy\" decoding=\"async\" width=\"1024\" height=\"576\" src=\"https:\/\/www.ambulancetaxi-saam50.fr\/wp-content\/uploads\/2024\/08\/saam.jpeg\" alt=\"\" srcset=\"https:\/\/www.ambulancetaxi-saam50.fr\/wp-content\/uploads\/2024\/08\/saam.jpeg 1024w, https:\/\/www.ambulancetaxi-saam50.fr\/wp-content\/uploads\/2024\/08\/saam-300x169.jpeg 300w, https:\/\/www.ambulancetaxi-saam50.fr\/wp-content\/uploads\/2024\/08\/saam-768x432.jpeg 768w\" sizes=\"auto, (max-width: 1024px) 100vw, 1024px\" \/>\t\t\t\t\t\t\t\t\t\t\t\t\t<\/p>\n<h2>TRANSPORT AMBULANCES<\/h2>\n<p>Pour les patients n\u00e9cessitant une surveillance ou des soins m\u00e9dicaux durant le trajet, nos ambulances sont \u00e9quip\u00e9es de mat\u00e9riel moderne et nos \u00e9quipes sont form\u00e9es pour intervenir en cas de besoin.<\/p>\n<p>Nos ambulanciers vous accompagneront \u00e0 vos rendez-vous tous en garantissant un confort optimal et une prise en charge de qualit\u00e9.<\/p>\n<p>\t\t\t<a href=\"https:\/\/www.ambulancetaxi-saam50.fr\/service\/transport-ambulance\/\"><br \/>\n\t\t\t\t<svg aria-hidden=\"true\" viewBox=\"0 0 448 512\" xmlns=\"http:\/\/www.w3.org\/2000\/svg\"><path d=\"M313.941 216H12c-6.627 0-12 5.373-12 12v56c0 6.627 5.373 12 12 12h301.941v46.059c0 21.382 25.851 32.09 40.971 16.971l86.059-86.059c9.373-9.373 9.373-24.569 0-33.941l-86.059-86.059c-15.119-15.119-40.971-4.411-40.971 16.971V216z\"><\/path><\/svg><br \/>\n\t\t\t\t\t\t\t\t\tD\u00e9couvrez nos services d&#8217;ambulance<br \/>\n\t\t\t\t\t<\/a><br \/>\n\t\t\t\t\t\t\t\t\t\t\t\t\t<img loading=\"lazy\" decoding=\"async\" width=\"1000\" height=\"700\" src=\"https:\/\/www.ambulancetaxi-saam50.fr\/wp-content\/uploads\/2024\/08\/ambulance.png\" alt=\"\" srcset=\"https:\/\/www.ambulancetaxi-saam50.fr\/wp-content\/uploads\/2024\/08\/ambulance.png 1000w, https:\/\/www.ambulancetaxi-saam50.fr\/wp-content\/uploads\/2024\/08\/ambulance-300x210.png 300w, https:\/\/www.ambulancetaxi-saam50.fr\/wp-content\/uploads\/2024\/08\/ambulance-768x538.png 768w\" sizes=\"auto, (max-width: 1000px) 100vw, 1000px\" \/>\t\t\t\t\t\t\t\t\t\t\t\t\t<\/p>\n<h2>TRANSPORT D&#8217;URGENCE<\/h2>\n<p>Nos \u00e9quipes sont disponibles pour r\u00e9pondre aux appels d&#8217;urgence et assurer le transport rapide des patients<br \/>vers les centres hospitaliers.<\/p>\n<p>Nous offrons un transport en ambulance des plus complets pour tous vos besoins m\u00e9dicaux, urgences ou trajets planifi\u00e9s.\u00a0<\/p>\n<p>\t\t\t<a href=\"https:\/\/www.ambulancetaxi-saam50.fr\/service\/taxi\/\"><br \/>\n\t\t\t\t<svg aria-hidden=\"true\" viewBox=\"0 0 448 512\" xmlns=\"http:\/\/www.w3.org\/2000\/svg\"><path d=\"M313.941 216H12c-6.627 0-12 5.373-12 12v56c0 6.627 5.373 12 12 12h301.941v46.059c0 21.382 25.851 32.09 40.971 16.971l86.059-86.059c9.373-9.373 9.373-24.569 0-33.941l-86.059-86.059c-15.119-15.119-40.971-4.411-40.971 16.971V216z\"><\/path><\/svg><br \/>\n\t\t\t\t\t\t\t\t\tR\u00e9servez votre v\u00e9hicule adapt\u00e9<br \/>\n\t\t\t\t\t<\/a><br \/>\n\t\t\t\t\t\t\t\t\t\t\t\t\t<img loading=\"lazy\" decoding=\"async\" width=\"1024\" height=\"682\" src=\"https:\/\/www.ambulancetaxi-saam50.fr\/wp-content\/uploads\/2024\/08\/532-1-1024x682.jpg\" alt=\"\" srcset=\"https:\/\/www.ambulancetaxi-saam50.fr\/wp-content\/uploads\/2024\/08\/532-1-1024x682.jpg 1024w, https:\/\/www.ambulancetaxi-saam50.fr\/wp-content\/uploads\/2024\/08\/532-1-300x200.jpg 300w, https:\/\/www.ambulancetaxi-saam50.fr\/wp-content\/uploads\/2024\/08\/532-1-768x512.jpg 768w, https:\/\/www.ambulancetaxi-saam50.fr\/wp-content\/uploads\/2024\/08\/532-1.jpg 1514w\" sizes=\"auto, (max-width: 1024px) 100vw, 1024px\" \/>\t\t\t\t\t\t\t\t\t\t\t\t\t<\/p>\n<h2>TRANSPORT ASSIS PROFESSIONNALISE (TAP)<\/h2>\n<p>Pour les patients autonomes n\u00e9cessitant un accompagnement vers des consultations, des traitements r\u00e9guliers ou des transferts entre \u00e9tablissements.<br \/>Notre service de transports assis professionnalis\u00e9 (TAP) vous offrira une solution pratique et confortable pour vos trajets conventionn\u00e9s ou occasionnels et vous accompagnera dans vos d\u00e9marches.<\/p>\n<p>\t\t\t<a href=\"https:\/\/www.ambulancetaxi-saam50.fr\/service\/vsl\/\"><br \/>\n\t\t\t\t<svg aria-hidden=\"true\" viewBox=\"0 0 448 512\" xmlns=\"http:\/\/www.w3.org\/2000\/svg\"><path d=\"M313.941 216H12c-6.627 0-12 5.373-12 12v56c0 6.627 5.373 12 12 12h301.941v46.059c0 21.382 25.851 32.09 40.971 16.971l86.059-86.059c9.373-9.373 9.373-24.569 0-33.941l-86.059-86.059c-15.119-15.119-40.971-4.411-40.971 16.971V216z\"><\/path><\/svg><br \/>\n\t\t\t\t\t\t\t\t\tR\u00e9servez votre TAP aujourd&#8217;hui<br \/>\n\t\t\t\t\t<\/a><br \/>\n\t\t\t\t\t\t\t\t\t\t\t\t\t<img loading=\"lazy\" decoding=\"async\" width=\"1024\" height=\"681\" src=\"https:\/\/www.ambulancetaxi-saam50.fr\/wp-content\/uploads\/2024\/08\/098-1-1024x681.jpg\" alt=\"\" srcset=\"https:\/\/www.ambulancetaxi-saam50.fr\/wp-content\/uploads\/2024\/08\/098-1-1024x681.jpg 1024w, https:\/\/www.ambulancetaxi-saam50.fr\/wp-content\/uploads\/2024\/08\/098-1-300x200.jpg 300w, https:\/\/www.ambulancetaxi-saam50.fr\/wp-content\/uploads\/2024\/08\/098-1-768x511.jpg 768w, https:\/\/www.ambulancetaxi-saam50.fr\/wp-content\/uploads\/2024\/08\/098-1.jpg 1514w\" sizes=\"auto, (max-width: 1024px) 100vw, 1024px\" \/>\t\t\t\t\t\t\t\t\t\t\t\t\t<\/p>\n<h2>Hospitalisation<\/h2>\n<p>Nous facilitons votre hospitalisation en prenant en charge votre transport vers et depuis les \u00e9tablissements de sant\u00e9. Avec notre service, vous b\u00e9n\u00e9ficiez d&#8217;une assistance compl\u00e8te, garantissant un transfert s\u00fbr et sans stress, adapt\u00e9 \u00e0 votre \u00e9tat de sant\u00e9.<\/p>\n<p>Nos ambulanciers exp\u00e9riment\u00e9s et attentifs veillent \u00e0 chaque d\u00e9tail pour que votre confort et votre bien-\u00eatre soient prioritaires.<\/p>\n<p>\t\t\t<a href=\"https:\/\/www.ambulancetaxi-saam50.fr\/service\/hospitalisation\/\"><br \/>\n\t\t\t\t<svg aria-hidden=\"true\" viewBox=\"0 0 448 512\" xmlns=\"http:\/\/www.w3.org\/2000\/svg\"><path d=\"M313.941 216H12c-6.627 0-12 5.373-12 12v56c0 6.627 5.373 12 12 12h301.941v46.059c0 21.382 25.851 32.09 40.971 16.971l86.059-86.059c9.373-9.373 9.373-24.569 0-33.941l-86.059-86.059c-15.119-15.119-40.971-4.411-40.971 16.971V216z\"><\/path><\/svg><br \/>\n\t\t\t\t\t\t\t\t\tPlanifiez votre transport hospitalier<br \/>\n\t\t\t\t\t<\/a><\/p>\n","protected":false},"excerpt":{"rendered":"<p>SAAM-50 S\u00e9curis\u00e9, rapide et fiable, le transport m\u00e9dical. La Soci\u00e9t\u00e9 SAAM-50 est sp\u00e9cialis\u00e9e dans le transport sanitaire et les services [&hellip;]<\/p>\n","protected":false},"author":9,"featured_media":0,"parent":0,"menu_order":0,"comment_status":"closed","ping_status":"open","template":"","meta":{"site-sidebar-layout":"no-sidebar","site-content-layout":"","ast-site-content-layout":"full-width-container","site-content-style":"default","site-sidebar-style":"default","ast-global-header-display":"","ast-banner-title-visibility":"","ast-main-header-display":"","ast-hfb-above-header-display":"","ast-hfb-below-header-display":"","ast-hfb-mobile-header-display":"","site-post-title":"disabled","ast-breadcrumbs-content":"","ast-featured-img":"disabled","footer-sml-layout":"","theme-transparent-header-meta":"","adv-header-id-meta":"","stick-header-meta":"","header-above-stick-meta":"","header-main-stick-meta":"","header-below-stick-meta":"","astra-migrate-meta-layouts":"default","ast-page-background-enabled":"default","ast-page-background-meta":{"desktop":{"background-color":"var(--ast-global-color-4)","background-image":"","background-repeat":"repeat","background-position":"center center","background-size":"auto","background-attachment":"scroll","background-type":"","background-media":"","overlay-type":"","overlay-color":"","overlay-opacity":"","overlay-gradient":""},"tablet":{"background-color":"","background-image":"","background-repeat":"repeat","background-position":"center center","background-size":"auto","background-attachment":"scroll","background-type":"","background-media":"","overlay-type":"","overlay-color":"","overlay-opacity":"","overlay-gradient":""},"mobile":{"background-color":"","background-image":"","background-repeat":"repeat","background-position":"center center","background-size":"auto","background-attachment":"scroll","background-type":"","background-media":"","overlay-type":"","overlay-color":"","overlay-opacity":"","overlay-gradient":""}},"ast-content-background-meta":{"desktop":{"background-color":"var(--ast-global-color-5)","background-image":"","background-repeat":"repeat","background-position":"center center","background-size":"auto","background-attachment":"scroll","background-type":"","background-media":"","overlay-type":"","overlay-color":"","overlay-opacity":"","overlay-gradient":""},"tablet":{"background-color":"var(--ast-global-color-5)","background-image":"","background-repeat":"repeat","background-position":"center center","background-size":"auto","background-attachment":"scroll","background-type":"","background-media":"","overlay-type":"","overlay-color":"","overlay-opacity":"","overlay-gradient":""},"mobile":{"background-color":"var(--ast-global-color-5)","background-image":"","background-repeat":"repeat","background-position":"center center","background-size":"auto","background-attachment":"scroll","background-type":"","background-media":"","overlay-type":"","overlay-color":"","overlay-opacity":"","overlay-gradient":""}},"footnotes":""},"class_list":["post-22","page","type-page","status-publish","hentry"],"aioseo_notices":[],"yoast_head":"<!-- This site is optimized with the Yoast SEO plugin v27.4 - https:\/\/yoast.com\/product\/yoast-seo-wordpress\/ -->\n<title>\u00c0 propos - Saam-50 | Saint-James<\/title>\n<meta name=\"robots\" content=\"index, follow, max-snippet:-1, max-image-preview:large, max-video-preview:-1\" \/>\n<link rel=\"canonical\" href=\"https:\/\/www.ambulancetaxi-saam50.fr\/?page_id=22\" \/>\n<meta property=\"og:locale\" content=\"en_US\" \/>\n<meta property=\"og:type\" content=\"article\" \/>\n<meta property=\"og:title\" content=\"\u00c0 propos - Saam-50 | Saint-James\" \/>\n<meta property=\"og:description\" content=\"SAAM-50 S\u00e9curis\u00e9, rapide et fiable, le transport m\u00e9dical. La Soci\u00e9t\u00e9 SAAM-50 est sp\u00e9cialis\u00e9e dans le transport sanitaire et les services [&hellip;]\" \/>\n<meta property=\"og:url\" content=\"https:\/\/www.ambulancetaxi-saam50.fr\/?page_id=22\" \/>\n<meta property=\"og:site_name\" content=\"Saam-50 | Saint-James\" \/>\n<meta property=\"article:modified_time\" content=\"2024-11-08T14:13:07+00:00\" \/>\n<meta property=\"og:image\" content=\"https:\/\/www.ambulancetaxi-saam50.fr\/wp-content\/uploads\/2024\/08\/ambulance-team-image-1-1.jpg\" \/>\n<meta name=\"twitter:card\" content=\"summary_large_image\" \/>\n<meta name=\"twitter:label1\" content=\"Est. reading time\" \/>\n\t<meta name=\"twitter:data1\" content=\"3 minutes\" \/>\n<script type=\"application\/ld+json\" class=\"yoast-schema-graph\">{\"@context\":\"https:\\\/\\\/schema.org\",\"@graph\":[{\"@type\":\"WebPage\",\"@id\":\"https:\\\/\\\/www.ambulancetaxi-saam50.fr\\\/?page_id=22\",\"url\":\"https:\\\/\\\/www.ambulancetaxi-saam50.fr\\\/?page_id=22\",\"name\":\"\u00c0 propos - Saam-50 | Saint-James\",\"isPartOf\":{\"@id\":\"https:\\\/\\\/www.ambulancetaxi-saam50.fr\\\/#website\"},\"primaryImageOfPage\":{\"@id\":\"https:\\\/\\\/www.ambulancetaxi-saam50.fr\\\/?page_id=22#primaryimage\"},\"image\":{\"@id\":\"https:\\\/\\\/www.ambulancetaxi-saam50.fr\\\/?page_id=22#primaryimage\"},\"thumbnailUrl\":\"https:\\\/\\\/www.ambulancetaxi-saam50.fr\\\/wp-content\\\/uploads\\\/2024\\\/08\\\/ambulance-team-image-1-1.jpg\",\"datePublished\":\"2024-08-30T21:46:08+00:00\",\"dateModified\":\"2024-11-08T14:13:07+00:00\",\"breadcrumb\":{\"@id\":\"https:\\\/\\\/www.ambulancetaxi-saam50.fr\\\/?page_id=22#breadcrumb\"},\"inLanguage\":\"en-US\",\"potentialAction\":[{\"@type\":\"ReadAction\",\"target\":[\"https:\\\/\\\/www.ambulancetaxi-saam50.fr\\\/?page_id=22\"]}]},{\"@type\":\"ImageObject\",\"inLanguage\":\"en-US\",\"@id\":\"https:\\\/\\\/www.ambulancetaxi-saam50.fr\\\/?page_id=22#primaryimage\",\"url\":\"https:\\\/\\\/www.ambulancetaxi-saam50.fr\\\/wp-content\\\/uploads\\\/2024\\\/08\\\/ambulance-team-image-1-1.jpg\",\"contentUrl\":\"https:\\\/\\\/www.ambulancetaxi-saam50.fr\\\/wp-content\\\/uploads\\\/2024\\\/08\\\/ambulance-team-image-1-1.jpg\",\"width\":1056,\"height\":790},{\"@type\":\"BreadcrumbList\",\"@id\":\"https:\\\/\\\/www.ambulancetaxi-saam50.fr\\\/?page_id=22#breadcrumb\",\"itemListElement\":[{\"@type\":\"ListItem\",\"position\":1,\"name\":\"Home\",\"item\":\"https:\\\/\\\/www.ambulancetaxi-saam50.fr\\\/\"},{\"@type\":\"ListItem\",\"position\":2,\"name\":\"\u00c0 propos\"}]},{\"@type\":\"WebSite\",\"@id\":\"https:\\\/\\\/www.ambulancetaxi-saam50.fr\\\/#website\",\"url\":\"https:\\\/\\\/www.ambulancetaxi-saam50.fr\\\/\",\"name\":\"Saam-50 | Saint-James\",\"description\":\"\",\"potentialAction\":[{\"@type\":\"SearchAction\",\"target\":{\"@type\":\"EntryPoint\",\"urlTemplate\":\"https:\\\/\\\/www.ambulancetaxi-saam50.fr\\\/?s={search_term_string}\"},\"query-input\":{\"@type\":\"PropertyValueSpecification\",\"valueRequired\":true,\"valueName\":\"search_term_string\"}}],\"inLanguage\":\"en-US\"}]}<\/script>\n<!-- \/ Yoast SEO plugin. -->","yoast_head_json":{"title":"\u00c0 propos - Saam-50 | Saint-James","robots":{"index":"index","follow":"follow","max-snippet":"max-snippet:-1","max-image-preview":"max-image-preview:large","max-video-preview":"max-video-preview:-1"},"canonical":"https:\/\/www.ambulancetaxi-saam50.fr\/?page_id=22","og_locale":"en_US","og_type":"article","og_title":"\u00c0 propos - Saam-50 | Saint-James","og_description":"SAAM-50 S\u00e9curis\u00e9, rapide et fiable, le transport m\u00e9dical. La Soci\u00e9t\u00e9 SAAM-50 est sp\u00e9cialis\u00e9e dans le transport sanitaire et les services [&hellip;]","og_url":"https:\/\/www.ambulancetaxi-saam50.fr\/?page_id=22","og_site_name":"Saam-50 | Saint-James","article_modified_time":"2024-11-08T14:13:07+00:00","og_image":[{"url":"https:\/\/www.ambulancetaxi-saam50.fr\/wp-content\/uploads\/2024\/08\/ambulance-team-image-1-1.jpg","type":"","width":"","height":""}],"twitter_card":"summary_large_image","twitter_misc":{"Est. reading time":"3 minutes"},"schema":{"@context":"https:\/\/schema.org","@graph":[{"@type":"WebPage","@id":"https:\/\/www.ambulancetaxi-saam50.fr\/?page_id=22","url":"https:\/\/www.ambulancetaxi-saam50.fr\/?page_id=22","name":"\u00c0 propos - Saam-50 | Saint-James","isPartOf":{"@id":"https:\/\/www.ambulancetaxi-saam50.fr\/#website"},"primaryImageOfPage":{"@id":"https:\/\/www.ambulancetaxi-saam50.fr\/?page_id=22#primaryimage"},"image":{"@id":"https:\/\/www.ambulancetaxi-saam50.fr\/?page_id=22#primaryimage"},"thumbnailUrl":"https:\/\/www.ambulancetaxi-saam50.fr\/wp-content\/uploads\/2024\/08\/ambulance-team-image-1-1.jpg","datePublished":"2024-08-30T21:46:08+00:00","dateModified":"2024-11-08T14:13:07+00:00","breadcrumb":{"@id":"https:\/\/www.ambulancetaxi-saam50.fr\/?page_id=22#breadcrumb"},"inLanguage":"en-US","potentialAction":[{"@type":"ReadAction","target":["https:\/\/www.ambulancetaxi-saam50.fr\/?page_id=22"]}]},{"@type":"ImageObject","inLanguage":"en-US","@id":"https:\/\/www.ambulancetaxi-saam50.fr\/?page_id=22#primaryimage","url":"https:\/\/www.ambulancetaxi-saam50.fr\/wp-content\/uploads\/2024\/08\/ambulance-team-image-1-1.jpg","contentUrl":"https:\/\/www.ambulancetaxi-saam50.fr\/wp-content\/uploads\/2024\/08\/ambulance-team-image-1-1.jpg","width":1056,"height":790},{"@type":"BreadcrumbList","@id":"https:\/\/www.ambulancetaxi-saam50.fr\/?page_id=22#breadcrumb","itemListElement":[{"@type":"ListItem","position":1,"name":"Home","item":"https:\/\/www.ambulancetaxi-saam50.fr\/"},{"@type":"ListItem","position":2,"name":"\u00c0 propos"}]},{"@type":"WebSite","@id":"https:\/\/www.ambulancetaxi-saam50.fr\/#website","url":"https:\/\/www.ambulancetaxi-saam50.fr\/","name":"Saam-50 | Saint-James","description":"","potentialAction":[{"@type":"SearchAction","target":{"@type":"EntryPoint","urlTemplate":"https:\/\/www.ambulancetaxi-saam50.fr\/?s={search_term_string}"},"query-input":{"@type":"PropertyValueSpecification","valueRequired":true,"valueName":"search_term_string"}}],"inLanguage":"en-US"}]}},"_links":{"self":[{"href":"https:\/\/www.ambulancetaxi-saam50.fr\/index.php?rest_route=\/wp\/v2\/pages\/22","targetHints":{"allow":["GET"]}}],"collection":[{"href":"https:\/\/www.ambulancetaxi-saam50.fr\/index.php?rest_route=\/wp\/v2\/pages"}],"about":[{"href":"https:\/\/www.ambulancetaxi-saam50.fr\/index.php?rest_route=\/wp\/v2\/types\/page"}],"author":[{"embeddable":true,"href":"https:\/\/www.ambulancetaxi-saam50.fr\/index.php?rest_route=\/wp\/v2\/users\/9"}],"replies":[{"embeddable":true,"href":"https:\/\/www.ambulancetaxi-saam50.fr\/index.php?rest_route=%2Fwp%2Fv2%2Fcomments&post=22"}],"version-history":[{"count":106,"href":"https:\/\/www.ambulancetaxi-saam50.fr\/index.php?rest_route=\/wp\/v2\/pages\/22\/revisions"}],"predecessor-version":[{"id":707,"href":"https:\/\/www.ambulancetaxi-saam50.fr\/index.php?rest_route=\/wp\/v2\/pages\/22\/revisions\/707"}],"wp:attachment":[{"href":"https:\/\/www.ambulancetaxi-saam50.fr\/index.php?rest_route=%2Fwp%2Fv2%2Fmedia&parent=22"}],"curies":[{"name":"wp","href":"https:\/\/api.w.org\/{rel}","templated":true}]}}